= -13*i**2 - 1. Calculate g(2).
-53
Let u(h) = 2*h**2 + 9*h + 1. Determine u(-4).
-3
Let p(o) = -o**2 + 12*o + 11. What is p(12)?
11
Let q(s) = 5*s + 106. Determine q(-20).
6
Let m(o) = -2*o**3 - 16*o**2 - 15*o - 11. What is m(-7)?
-4
Let k(b) = -3*b + 24. Give k(7).
3
Let c(u) = -u**2 + 5*u + 2. Give c(4).
6
Let m(i) = -i**3 - 7*i**2 - 11*i - 2. Give m(-5).
3
Let z(m) = 10*m + 1. Calculate z(-3).
-29
Let r(z) = -z**3 - 3*z**2 - 4*z - 5. Calculate r(-2).
-1
Let i(n) = -2*n**3 - 23*n**2 - 70*n - 13. Determine i(-6).
11
Let f(y) = y**3 - 10*y**2 + 6*y - 27. Give f(11).
160
Let k(j) = -4*j + 11. What is k(5)?
-9
Let d(x) = 43*x - 264. What is d(6)?
-6
Let x(h) = 4*h - 48. What is x(14)?
8
Let n(d) = -5*d - 104. Determine n(-23).
11
Let z(y) = -y**3 + 6*y**2 + 11*y - 5. Calculate z(-2).
5
Let c(o) = 172*o + 8. Determine c(-1).
-164
Let c(p) = p**3 + 15*p**2 - 29*p - 204. Determine c(-16).
4
Let n(j) = j**2 - 14*j + 20. Calculate n(12).
-4
Let l(v) = -v**2 - 3*v + 7. What is l(3)?
-11
Let y(i) = 9*i - 12. Calculate y(3).
15
Let m(c) = c**2 - 17*c + 56. Calculate m(13).
4
Let c(u) = 2*u**2 - 4*u - 5. What is c(5)?
25
Let l(b) = -b**3 - 3*b**2 - 3*b. Give l(-2).
2
Let f(h) = 2*h**2 + 10*h + 10. Determine f(-4).
2
Let l(t) = t**3 + 11*t**2 + t + 3. Determine l(-11).
-8
Let r(c) = 26*c + 174. What is r(-6)?
18
Let u(t) = -t**3 - 7*t**2 - 4*t + 18. What is u(-6)?
6
Let l(p) = -46*p + 329. What is l(7)?
7
Let l(a) = -2*a**2 - 29*a + 184. Determine l(-20).
-36
Let j(p) = 2*p + 2. What is j(-2)?
-2
Let f(a) = -16*a - 1. Determine f(0).
-1
Let x(m) = 6*m**2 - 7*m. Calculate x(2).
10
Let v(z) = 9*z - 24. Calculate v(-4).
-60
Let k(c) = c + 27. Give k(-17).
10
Let k(g) = -g**3 + 2*g**2 + 28*g - 25. Calculate k(6).
-1
Let q(h) = 2*h**3 - 12*h**2 + 11. What is q(5)?
-39
Let w(n) = 28*n + 5. What is w(-2)?
-51
Let v(x) = x**2 - 10*x + 19. Give v(5).
-6
Let y(j) = -j**3 - 8*j**2 - 6*j + 16. Give y(-7).
9
Let q(w) = -w**2 - 25*w + 61. What is q(-27)?
7
Let s(f) = -f**2 + 9*f + 6. What is s(-9)?
-156
Let u(g) = -g**2 + 14*g + 4. Calculate u(13).
17
Let t(k) = -k**3 - 41*k**2 - 40*k + 17. Calculate t(-40).
17
Let m(s) = 2*s**2 + 31*s + 100. Give m(-11).
1
Let b(o) = -o**3 + 10*o**2 - 9*o - 5. Determine b(9).
-5
Let j(n) = -31*n - 129. What is j(-5)?
26
Let k(v) = -v**2 - 6*v - 2. Calculate k(-3).
7
Let c(a) = 9*a - 6. Give c(4).
30
Let t(j) = -j**3 + 5*j + 3. Give t(4).
-41
Let k(l) = -2*l**2 - l + 6. Calculate k(-6).
-60
Let x(f) = -f**3 - 11*f**2 - 18*f + 6. Determine x(-9).
6
Let b(o) = 2*o**3 + 7*o**2 + 3*o + 2. Determine b(-3).
2
Let z(f) = -18*f + 13. Determine z(1).
-5
Let t(x) = -2*x - 69. What is t(-32)?
-5
Let w(h) = -8*h + 14. Determine w(6).
-34
Let u(x) = -3*x - 17. Determine u(-8).
7
Let x(o) = o**3 - 6*o**2 - 1. Determine x(2).
-17
Let i(y) = -8*y + 103. Determine i(10).
23
Let k(l) = -l**3 + 23*l**2 + 49*l + 46. Calculate k(25).
21
Let a(q) = 3*q + 13. Determine a(-6).
-5
Let p(q) = -7*q - 61. Determine p(-12).
23
Let w(a) = 2*a**2 - 33*a + 58. What is w(15)?
13
Let o(d) = 9*d**3 + d - 1. Determine o(1).
9
Let m(u) = u**2 + 16*u + 23. Calculate m(-15).
8
Let p(n) = -n**3 + 9*n**2 - 15*n + 10. Determine p(7).
3
Let k(i) = -9*i - 3. Determine k(1).
-12
Let f(h) = 11*h - 4. Determine f(-1).
-15
Let f(t) = 2*t**2 + 64*t + 107. Give f(-30).
-13
Let q(y) = y**2 - 3*y. Calculate q(1).
-2
Let v(x) = -12*x + 36. Calculate v(4).
-12
Let y(h) = -2*h - 11. What is y(9)?
-29
Let f(z) = -z**3 + 2*z**2 + 7*z + 3. Calculate f(4).
-1
Let h(g) = -g**3 - 8*g**2 - 10*g - 72. Determine h(-8).
8
Let i(a) = 14*a - 188. Determine i(13).
-6
Let w(p) = 3*p + 32. Give w(-9).
5
Let n(g) = -g. Give n(2).
-2
Let h(c) = c - 61. What is h(-5)?
-66
Let m(b) = -b**2 - 4*b - 3. Give m(-4).
-3
Let r(s) = -10*s - 20. Give r(-5).
30
Let x(t) = -t**2 - 9*t - 22. Determine x(-7).
-8
Let x(g) = 3*g**2 + 40*g + 24. Calculate x(-12).
-24
Let x(w) = -2*w**2 - 16*w + 69. Calculate x(4).
-27
Let u(l) = 4*l - 59. Calculate u(16).
5
Let b(t) = t**3 - 9*t**2 - 22*t - 16. Give b(11).
-16
Let r(v) = 2*v**3 + 11*v**2 + 6*v + 3. What is r(-3)?
30
Let h(i) = -i**2 + 22*i - 97. What is h(14)?
15
Let i(t) = 2*t**3 - 15*t**2 + 5*t - 7. Give i(7).
-21
Let j(z) = -z**2 + 38*z + 479. Calculate j(48).
-1
Let x(l) = l**3 - 8*l**2 - 13*l + 11. What is x(9)?
-25
Let f(a) = 4*a**3 + a**2 + 2*a + 2. Calculate f(-2).
-30
Let w(g) = g**2 - 17. Determine w(7).
32
Let o(a) = a**2 + 14*a + 18. Calculate o(-12).
-6
Let g(d) = -3*d**2 - 2*d - 23. Give g(-4).
-63
Let j(c) = -c**3 + 10*c**2 - 3*c + 14. Give j(10).
-16
Let q(v) = v**3 - v**2 - 3*v - 2. Calculate q(-2).
-8
Let m(t) = t**2 - 8*t - 2. Calculate m(8).
-2
Let h(b) = 4*b + 165. Calculate h(-31).
41
Let i(g) = g**3 + 12*g**2 - 3*g - 32. Determine i(-12).
4
Let p(r) = -r**3 - 6*r**2 - 4*r - 5. Determine p(-5).
-10
Let p(s) = 3*s**2 + 5*s + 2. What is p(-3)?
14
Let q(r) = -r**2 + 2*r + 6. What is q(6)?
-18
Let i(y) = 2*y + 40. Determine i(0).
40
Let t(o) = 6*o - 1. Determine t(-2).
-13
Let s(m) = -3*m**2 + 40*m + 10. Calculate s(13).
23
Let c(r) = -r**2 + 31*r - 20. Give c(31).
-20
Let a(f) = 37*f + 17. What is a(-1)?
-20
Let p(s) = -9*s - 5. Calculate p(-8).
67
Let x(d) = -139*d + 2217. Determine x(16).
-7
Let g(i) = -i**2 - 8*i - 17. Give g(-4).
-1
Let a(x) = 6*x - 93. Calculate a(15).
-3
Let h(d) = -17*d**2 + 2*d + 2. Calculate h(-3).
-157
Let z(k) = k - 6. Calculate z(5).
-1
Let n(o) = -o**2 + 3*o + 14. Determine n(6).
-4
Let y(l) = l**2 - 4*l - 6. Determine y(10).
54
Let i(z) = z**3 - 18*z**2 - 19. What is i(18)?
-19
Let t(i) = -i + 4. Calculate t(-29).
33
Let w(j) = j**2 + 8*j + 24. Give w(-8).
24
Let m(z) = z**3 - 14*z**2 - z - 11. Determine m(14).
-25
Let q(i) = i**3 - 8*i**2 + 5*i + 1. Calculate q(7).
-13
Let k(h) = -8*h**2 - 4*h - 3. Give k(-1).
-7
Let b(a) = -4*a + 37. Calculate b(14).
-19
Let u(d) = -d**3 - 3*d**2 - 4*d - 5. Give u(-3).
7
Let i(a) = 9*a + 91. What is i(-11)?
-8
Let m(l) = 6*l + 7. Determine m(5).
37
Let n(l) = -2*l + 12. Calculate n(6).
0
Let l(u) = -u**3 + 44*u**2 + 95*u - 135. Give l(46).
3
Let s(x) = -22*x + 36. Determine s(4).
-52
Let n(p) = 4*p - 14. Give n(5).
6
Let w(z) = -z**3 + 5*z**2 - 3*z + 1. What is w(2)?
7
Let a(l) = l**3 - 14*l**2 - 4*l + 49. Determine a(14).
-7
Let q(d) = -36*d + 1. Determine q(0).
1
Let y(n) = -20*n + 9. Give y(1).
-11
Let n(m) = m**2 + 4*m - 4. Determine n(-7).
17
Let q(t) = t**2 - 13*t + 29. What is q(10)?
-1
Let s(g) = -g**2 + 4*g - 7. Give s(3).
-4
Let z(i) = 3*i**2 + 12*i - 9. What is z(-5)?
6
Let i(c) = -c**2 - 14*c - 1. Calculate i(-14).
-1
Let h(r) = -4*r + 88. Give h(9).
52
Let s(h) = h**3 - 5*h**2 + 1. Calculate s(5).
1
Let k(c) = 5*c + 13. Calculate k(-6).
-17
Let y(u) = u**3 + 35*u**2 + 96*u + 7. Determine y(-32).
7
Let a(i) = i**3 - 8*i**2 - 2*i - 4. Give a(8).
-20
Let i(n) = n**3 - 15*n**2 + 16*n - 31. Calculate i(14).
-3
Let z(t) = -t**3 - 12*t**2 - 12*t + 20. Give z(-11).
31
Let y(q) = -q**2 + 37*q - 314. Give y(23).
8
Let p(j) = -80*j**3 + j + 1. What is p(-1)?
80
Let k(j) = -j**3 + 7*j**2 - 2. Determine k(6).
34
Let j(r) = -r**2 - 9*r + 3. What is j(-8)?
11
Let h(r) = r**2 + 13*r + 3. Give h(-5).
-37
Let w(x) = -x**2 - 5*x + 8. Give w(-9).
-28
Let o(s) = -s**2 - 31*s + 30. What is o(-32)?
-2
Let c(l) = -l**3 - 3*l**2 + 2*l - 1. What is c(2)?
-17
Let y(c) = -3*c**2 + 5*c + 14. Determine y(6).
-64
Let t(j) = j**2 + 3*j + 4. Determine t(-6).
22
Let s(p) = p**3 + 11*p**2 - 13*p - 2. Calculate s(-12).
10
Let l(y) = 7*y. Determine l(0).
0
Let o(m) = -4*m**2 - 3*m - 4. Determine o(-1).
-5
Let y(q) = -2*q**3 + 14*q**2 + 17*q - 3. Calculate y(8).
5
Let f(v) = 13*v - 3. What is f(4)?
49
Let l(w) = 32*w + 1. What is l(1)?
33
Let u(p) = -2*p - 8. Calculate u(7).
-22
Let k(v) = v**3 - 7*v**2 + 2*v - 10. What is k(7)?
4
Let a(r) = r**2 + 2*r + 24. Give a(0).
24
Let q(f) = -4*f**2 + 241*f - 59. What is q(60)?
1
Let m(s) = -s**2 + 3*s + 147. Determine m(-11).
-7
Let b(t) = -t**3 - 12*t**2 - 17*t + 20. Determine b(-10).
-10
Let p(k) = -k - 8. Determine p(4).
-12
Let g(k) = 12*k + 221. Calculate g(-16).
29
Let g(m) = m**3 - 9*m**2 + 6*m + 8. What is g(8)?
-8
Let f(z) = 12*z + 24. Give f(-6).
-48
Let i(m) = 5*m + 4. Calculate i(-1).
-1
Let u(m) = m**2 - 6*m - 1. Calculate u(9).
26
Let p(b) = -7*b + 4.